= 21 + i. Let l = 19 - -1. What is the remainder when s is divided by l?
19
Let j(z) = -2*z + 22. Calculate the remainder when j(7) is divided by 6.
2
Let j = 215 + -16. What is the remainder when j is divided by 50?
49
Let o = -18 + 46. Let t be (-18)/4*(-4)/6. Suppose 2*m = t*m - o. Calculate the remainder when m is divided by 10.
8
Suppose j = 5*n + 15, 5*j - n - 122 = 73. Let i(k) = k**3 + 2*k**2 + 3*k + 2. Let q be i(3). What is the remainder when j is divided by 8/q + 194/14?
12
Suppose s + 1 = -h - 2, -4*h + 4*s = -28. What is the remainder when 5 is divided by h?
1
Let g = 16 + -11. Suppose -5*h = -0*h - 65. What is the remainder when h is divided by g?
3
Let q = 11 - 6. Let y be 5 + (2 - 0 - -1). Calculate the remainder when (-1 + -5)*y/(-6) is divided by q.
3
Suppose a - q + 5*q = 24, 3*a = -3*q + 27. Suppose a*c = 2*c + 16. Calculate the remainder when 14 is divided by c.
6
Let g(j) = -j**3 + j**2 + 4*j + 3. Calculate the remainder when 2 is divided by g(-1).
0
Let f be ((-140)/(-15))/(4/6). Suppose 44 = 5*c - 2*w - 19, w - f = -c. Calculate the remainder when 0/(-1) + 0 - -25 is divided by c.
12
Let g(j) = j**3 - 2*j**2 + 2*j + 4. Suppose 3*w = 6*w - 5*y - 10, -3*w + 4*y + 14 = 0. Let a = w + -3. What is the remainder when g(3) is divided by a?
5
Suppose 172 = 10*k + 62. What is the remainder when 18 is divided by k?
7
Let q = 10 + -6. Suppose q*r = 3 + 21. Let d(j) = j**2 + 7*j + 3. Calculate the remainder when d(-8) is divided by r.
5
Suppose 0 = m - 2, -4*s + m + 5 = -1. Calculate the remainder when 8/3 + 2/6 is divided by s.
1
Let t = -23 + 16. Let a(k) = -k + 3. What is the remainder when 39 is divided by a(t)?
9
What is the remainder when 53 is divided by 0 - ((-2)/11 + 1216/(-88))?
11
Suppose -3*i + 19 = -38. What is the remainder when 93 is divided by i?
17
Suppose -9 = 6*h - 147. What is the remainder when 135 is divided by h?
20
Suppose -4*s = -13*s + 1296. What is the remainder when s is divided by 38?
30
Suppose -8 = 4*v + 4, -4*x - 3*v + 35 = 0. What is the remainder when 74 is divided by x?
8
Let j(s) = -s - 1. Let b(x) = -12*x - 18. Let w(t) = -b(t) + 15*j(t). Calculate the remainder when w(-6) is divided by 11.
10
Let q(r) be the third derivative of 0*r + 0 + 1/30*r**5 + 1/12*r**4 + 3*r**2 + 1/6*r**3. What is the remainder when 9 is divided by q(-2)?
4
Suppose -4*y + 60 = -2*y. Calculate the remainder when y is divided by 16.
14
Let c(a) = -2*a - 11. Suppose 65 = 4*m - 27. Calculate the remainder when m is divided by c(-8).
3
Suppose 15 = 8*u - 3*u. What is the remainder when 10*(-3 + 5 + -1) is divided by u?
1
Let q = -968 + 499. What is the remainder when 49 is divided by (-2)/(-8) + q/(-28)?
15
Suppose -3 = -c, 3*s + 3*c - 19 + 7 = 0. What is the remainder when -3 + 2 + 31 + 2 is divided by (s - 12/1)*-1?
10
Suppose -r + 3*r - 4*x + 10 = 0, 3*r - x = -15. Let t = r + 7. Suppose -5*z + 2 = -18. What is the remainder when z is divided by t?
0
Let h(i) be the second derivative of -43*i**5/20 - i**4/12 - 2*i. Let a be h(1). What is the remainder when a/(-10) - (-3)/5 is divided by 2?
1
Suppose 0 = -3*w + 2*w + 3. Suppose -w*g = 2*g - 30. Suppose t = -x + 7, t = -3*x + g + 9. What is the remainder when x is divided by 3?
1
Let b = -87 - -124. What is the remainder when b is divided by 20?
17
Let f = -9 - -14. Let o(v) = -v**3 + 6*v**2 + 2*v - 9. What is the remainder when f is divided by o(6)?
2
Suppose -t - 3 = 2*k - 1, 4*t - 5 = 5*k. What is the remainder when -2 - (t - 10) - -1 is divided by 5?
4
Let f be ((-3)/(-2))/(-3)*-2. Let u = f - -20. What is the remainder when u is divided by 11?
10
Let l = -202 - -298. Calculate the remainder when l is divided by 27.
15
Suppose 0 = 2*g - 2 - 4. Let j be (g - 4)/((-2)/(-42)). Let x = j + 38. What is the remainder when 50 is divided by x?
16
Let a(i) = 2*i**2 - 8*i - 9. What is the remainder when a(7) is divided by 9?
6
What is the remainder when 16/((-16)/(-4)) + 3 + 1 is divided by 8?
0
Suppose 0 = -3*k + k + 54. Suppose 6*s - 34 - 8 = 0. What is the remainder when k is divided by s?
6
Let k = -5 - -17. Let f be 3*2/(-9)*3. What is the remainder when (-1)/f*204/3 is divided by k?
10
Let h = -6 + 8. Suppose 0 = y - 6 + h. Suppose y*m = -m + 80. What is the remainder when m is divided by 9?
7
Let p = -4 - -3. Let r = 16 - p. Suppose -y - 9 + 75 = 0. Calculate the remainder when y is divided by r.
15
Let h = 9 + -6. Suppose h*y = -y. Suppose -5*d - 4*g + 40 = y, 0*d + d = 2*g + 22. What is the remainder when d is divided by 7?
5
Let x(a) = 4*a**2 + 4*a - 2. Calculate the remainder when x(3) is divided by 16.
14
Suppose 0 = -9*d + 4*d + 5. Let m be (2 - 0) + (4 - d). Suppose -76 = -m*z - 1. Calculate the remainder when z is divided by 8.
7
Let s = -30 - -32. What is the remainder when 3 is divided by s?
1
Let m(y) = -24*y - 1. Suppose 0 = o + 4*u + 9, 1 = -2*u - 3. What is the remainder when m(o) is divided by 8?
7
Suppose 2*o - 22 = 5*c, -5*c - 34 = -4*o - 0*o. Suppose -2*b + o*b = 224. What is the remainder when b is divided by 15?
11
Let g = 44 - 23. Suppose 0 = -10*h + 14*h - 160. What is the remainder when h is divided by g?
19
What is the remainder when 60 is divided by (-324)/(-15) - (-3)/(-5)?
18
Suppose -3 = -3*l + 3. Calculate the remainder when l is divided by 18/6 + 4/(-2).
0
Suppose -4*h - 19 = -5*r, h = -4*r - h + 36. What is the remainder when 8/(-14) + (-264)/(-21) is divided by r?
5
Suppose 0 = g + 5*q + 15, -2*q - 2*q = -3*g + 31. Suppose l = 2*o - o + 1, -4*o - 18 = 3*l. Calculate the remainder when (4/12)/(o/(-153)) is divided by g.
2
Suppose -4*c - x + 7 = 0, -2*x = -0*c - 4*c - 2. Calculate the remainder when (c + 0)/((-2)/(-42)) is divided by 8.
5
Let d = 8 + -3. Suppose -10 = 3*p - 0*p - d*v, 4*v - 20 = 0. Calculate the remainder when 8 is divided by p.
3
Let p = 325 - 188. What is the remainder when p is divided by 35?
32
Let r be 30/7 - 8/28. Let u(h) = h**3 - 5*h**2 + 5*h - 2. Let y be u(r). Suppose y*q = -2*q + 232. What is the remainder when q is divided by 20?
18
Suppose 14 = 2*h - 10. Let j(i) = -17*i + 2. Let k be j(7). Calculate the remainder when k/(-5) - 8/20 is divided by h.
11
What is the remainder when -4 + -3*88/(-6) is divided by 21?
19
Let w(g) = 7*g - 1. Let j be w(-3). Let d = 139 + -118. Calculate the remainder when d is divided by (j/(-4))/((-2)/(-4)).
10
Let g = -15 + 24. Suppose 2*j = -3*j + 125. What is the remainder when j is divided by g?
7
Let g = -7 - -3. Let r(m) = m**3 + 2*m**2 - m - 1. Let z be r(2). Let h = g + z. Calculate the remainder when 16 is divided by h.
7
Suppose -6*f + 4*f + 22 = z, 3*z = -f + 46. Let y(l) = l**3 + l**2 - 3*l + 2. Calculate the remainder when z is divided by y(2).
6
Suppose -5*o + 70 - 9 = -4*a, -4*a + 2 = 2*o. What is the remainder when 34 is divided by o?
7
Suppose -b + 4*b = -6. What is the remainder when 684/24*(-4)/(-3) is divided by 2 - 12/(-2) - b?
8
Suppose -3*y - 3 = -2*d - 2, 4*y = -5*d + 37. Suppose 5*v + 13 = 6*v. Calculate the remainder when v is divided by d.
3
Let v(s) = -6*s - 8. Let q be v(-5). Suppose -3*m + 5*m - q = 0. What is the remainder when 41 is divided by m?
8
Let d(t) = -4*t - 11. Let x = 119 - 77. Suppose -c + 3*u = -6*c + x, 2*c + 2*u - 16 = 0. What is the remainder when d(-9) is divided by c?
7
Let k be (36/(-3))/((-1)/(-2)). Let w = k + 59. Calculate the remainder when w is divided by 12.
11
Suppose -2*h = -2*u + 3*u - 90, -h + 3*u + 45 = 0. What is the remainder when h is divided by 16?
13
Let y(g) = g**2 + 8*g - 1. Let s be y(-8). Calculate the remainder when 103 is divided by ((-208)/56)/(s/7).
25
Let i(x) = 49*x**3 - 2*x**2 + 1. Let r be i(1). Let z = -29 + r. Calculate the remainder when z is divided by 7.
5
Let q = 5 - -2. Let n = q - 5. Suppose -n*i + 15 = -3. Calculate the remainder when i is divided by 3.
0
Let a = 0 + 0. Suppose a = -0*h - h + 10. Calculate the remainder when 4/h - (-203)/5 is divided by 21.
20
Let t(d) = d**2 + 5*d + 6. Let z be t(-3). Suppose -4*o + z*r = 2*r - 42, -4*r = -20. Calculate the remainder when 13 is divided by o.
5
Let z = 91 + -71. What is the remainder when 97 is divided by z?
17
Suppose -3*c - 42 = -4*r + 22, -4*r - c = -48. Calculate the remainder when 25 is divided by r.
12
Let t(h) = -h - 7. Let l be t(-9). Supp